hest common factor of 24 and 496?
8
What is the highest common factor of 2695 and 88?
11
Calculate the greatest common divisor of 81731 and 13.
13
What is the highest common factor of 49 and 5929?
49
Calculate the greatest common factor of 5220 and 29.
29
Calculate the highest common divisor of 60 and 4100.
20
Calculate the greatest common divisor of 24 and 1299.
3
What is the greatest common divisor of 520 and 52?
52
Calculate the greatest common divisor of 2170 and 630.
70
Calculate the highest common factor of 204 and 1377.
51
What is the highest common factor of 54 and 306?
18
What is the greatest common factor of 57296 and 48?
16
What is the greatest common factor of 57 and 1824?
57
Calculate the highest common divisor of 48 and 156.
12
What is the greatest common factor of 117 and 65?
13
What is the greatest common factor of 196 and 68?
4
What is the greatest common divisor of 1968 and 1353?
123
What is the highest common factor of 1729 and 273?
91
What is the greatest common factor of 2174 and 2?
2
Calculate the greatest common factor of 596 and 20.
4
What is the highest common divisor of 40 and 32?
8
What is the highest common factor of 45 and 129?
3
What is the greatest common divisor of 37 and 851?
37
Calculate the greatest common divisor of 10 and 270.
10
Calculate the highest common factor of 168 and 560.
56
What is the greatest common divisor of 8360 and 114?
38
What is the greatest common factor of 24105 and 15?
15
What is the greatest common factor of 234 and 54?
18
Calculate the highest common factor of 1271 and 62.
31
Calculate the highest common factor of 37 and 999.
37
Calculate the greatest common factor of 32 and 160.
32
What is the greatest common factor of 73 and 73?
73
Calculate the greatest common divisor of 67 and 4891.
67
Calculate the greatest common divisor of 462 and 42.
42
Calculate the highest common divisor of 71 and 1207.
71
Calculate the greatest common divisor of 901 and 34.
17
What is the highest common factor of 4270 and 210?
70
What is the highest common divisor of 72 and 1674?
18
Calculate the greatest common divisor of 4 and 15.
1
Calculate the highest common factor of 80 and 1990.
10
Calculate the greatest common divisor of 15 and 17.
1
Calculate the greatest common factor of 774 and 344.
86
What is the highest common factor of 44 and 20922?
22
What is the highest common divisor of 483 and 21?
21
What is the greatest common factor of 1680 and 504?
168
Calculate the greatest common divisor of 38 and 2014.
38
What is the greatest common divisor of 126 and 414?
18
Calculate the highest common factor of 214 and 4.
2
What is the highest common divisor of 2680 and 80?
40
Calculate the greatest common factor of 4466 and 154.
154
What is the highest common factor of 1944 and 8?
8
Calculate the greatest common factor of 5246 and 732.
122
What is the highest common factor of 16 and 61?
1
What is the highest common divisor of 575 and 230?
115
Calculate the highest common divisor of 384 and 2.
2
Calculate the greatest common divisor of 19 and 2527.
19
Calculate the greatest common divisor of 18 and 24.
6
What is the greatest common divisor of 20779 and 11?
11
What is the greatest common divisor of 638 and 841?
29
What is the highest common divisor of 10068 and 60?
12
What is the greatest common factor of 171 and 1919?
19
What is the greatest common factor of 1625 and 13?
13
What is the greatest common divisor of 1541 and 134?
67
Calculate the highest common factor of 168 and 273.
21
What is the highest common factor of 2088 and 3096?
72
Calculate the greatest common divisor of 8217 and 18.
9
What is the highest common factor of 1749 and 106?
53
Calculate the greatest common factor of 118 and 19234.
118
Calculate the greatest common divisor of 15 and 10.
5
What is the greatest common factor of 35 and 665?
35
What is the highest common factor of 124 and 3844?
124
Calculate the highest common divisor of 6 and 498.
6
What is the greatest common factor of 600 and 24?
24
What is the greatest common divisor of 3376 and 192?
16
Calculate the greatest common divisor of 17 and 544.
17
What is the greatest common factor of 3520 and 165?
55
Calculate the highest common divisor of 155 and 20.
5
Calculate the highest common factor of 38 and 76.
38
Calculate the highest common factor of 35 and 175.
35
Calculate the highest common factor of 44 and 10252.
44
What is the highest common factor of 72 and 27576?
72
Calculate the greatest common factor of 13 and 299.
13
What is the greatest common divisor of 8519 and 7?
7
What is the greatest common divisor of 27804 and 56?
28
What is the highest common factor of 5376 and 21?
21
What is the highest common factor of 15 and 390?
15
Calculate the highest common factor of 3081 and 1896.
237
Calculate the greatest common divisor of 1650 and 6450.
150
Calculate the highest common factor of 164 and 6.
2
Calculate the greatest common divisor of 1328 and 83.
83
Calculate the greatest common factor of 47192 and 68.
68
Calculate the greatest common divisor of 90 and 192.
6
What is the greatest common divisor of 12 and 224?
4
What is the greatest common divisor of 570 and 90?
30
What is the highest common divisor of 1713 and 6?
3
Calculate the highest common factor of 520 and 1280.
40
Calculate the highest common divisor of 404 and 909.
101
What is the greatest common divisor of 477 and 106?
53
What is the highest common factor of 96 and 8?
8
What is the greatest common factor of 707 and 35?
7
What is the highest common factor of 10 and 29170?
10
What is the highest common factor of 10 and 26?
2
What is the highest common divisor of 3774 and 78?
6
What is the greatest common factor of 146 and 6278?
146
Calculate the highest common factor of 3 and 2707.
1
Calculate the highest common divisor of 7 and 266.
7
Calculate the highest common factor of 450 and 270.
90
Calculate the highest common divisor of 15 and 3135.
15
What is the highest common divisor of 78 and 1131?
39
What is the greatest common divisor of 48 and 6?
6
What is the highest common divisor of 19 and 551?
19
Calculate the highest common factor of 1909 and 529.
23
What is the highest common factor of 150 and 1590?
30
Calculate the greatest common divisor of 134 and 2.
2
What is the greatest common factor of 1519 and 155?
31
What is the greatest common factor of 32 and 176?
16
What is the highest common divisor of 49 and 1568?
49
Calculate the greatest common factor of 3780 and 700.
140
Calculate the highest common divisor of 42 and 3003.
21
What is the highest common factor of 90 and 180?
90
What is the greatest common factor of 490 and 140?
70
Calculate the greatest common divisor of 348 and 60.
12
What is the highest common divisor of 47 and 27072?
47
What is the highest common divisor of 7540 and 780?
260
What is the highest common divisor of 216 and 9396?
108
Calculate the greatest common factor of 324 and 270.
54
What is the greatest common factor of 294 and 1050?
42
Calculate the highest common factor of 75 and 3975.
75
Calculate the greatest common divisor of 620 and 2728.
124
What is the greatest common divisor of 3 and 87?
3
Calculate the highest common divisor of 119 and 2737.
119
Calculate the greatest common factor of 44 and 400.
4
Calculate the highest common factor of 119 and 56.
7
Calculate the greatest common divisor of 81 and 27.
27
Calculate the highest common factor of 680 and 140.
20
Calculate the highest common factor of 200 and 550.
50
What is the greatest common divisor of 55 and 2409?
11
What is the greatest common factor of 48 and 1776?
48
What is the greatest common factor of 4611 and 696?
87
What is the highest common divisor of 113 and 9153?
113
Calculate the highest common divisor of 51 and 17.
17
What is the highest common divisor of 6254 and 472?
118
Calculate the highest common factor of 10 and 1050.
10
Calculate the highest common factor of 288 and 672.
96
Calculate the highest common divisor of 2704 and 16.
16
Calculate the highest common factor of 201 and 1072.
67
Calculate the highest common divisor of 192 and 54.
6
What is the greatest common divisor of 1125 and 45?
45
Calculate the greatest common divisor of 578 and 272.
34
Calculate the greatest common factor of 336 and 63.
21
What is the grea